= 4260*f - 260153. Calculate r(61).
-293
Let k(f) = f**3 + 10*f**2 + 73*f + 193. Determine k(-4).
-3
Let o(z) = -17*z**2 - 301*z + 309. Determine o(-19).
-109
Let w(r) = -r**3 - 2*r**2 - 18*r - 235. What is w(-10)?
745
Let a(j) = -26*j**3 - 9*j**2 + 11*j - 28. What is a(3)?
-778
Let i(w) = 25*w - 1774. Determine i(48).
-574
Let b(i) = -256*i**2 + 17290*i - 17287. Give b(1).
-253
Let v(j) = 24*j**2 + 1593*j + 24117. What is v(-43)?
-6
Let s(i) = -i**3 - 4*i**2 + 533*i + 170. Calculate s(-26).
1184
Let c(g) = -g**2 + 327*g - 3764. Calculate c(12).
16
Let o(y) = -y**3 - 194*y**2 - 393*y + 539. Give o(-3).
-1
Let x(f) = 20*f**2 + 445*f - 4827. What is x(8)?
13
Let c(d) = -2*d**3 + 184*d**2 - 1632*d - 657. Determine c(82).
-1
Let p(u) = -u**3 + 102*u**2 + 190. Give p(102).
190
Let m(o) = 11*o**3 + 367*o**2 - 1054*o - 355. What is m(-36)?
5
Let y(a) = -155*a - 15756. Calculate y(-102).
54
Let n(w) = -1458607*w + 11668857. What is n(8)?
1
Let z(k) = -k**3 - 9*k**2 - 40*k + 16. Give z(0).
16
Let o(w) = -9113*w + 218505. Determine o(24).
-207
Let u(v) = 798*v - 11766. What is u(15)?
204
Let t(b) = b**2 - 6658*b + 4091512. Determine t(685).
7
Let h(t) = -71*t**2 + 7250*t + 125. Calculate h(102).
941
Let h(l) = -3*l**3 - 2011*l**2 - 661*l + 6023. Give h(-670).
-7
Let z(x) = -61*x**3 + 6*x**2 - 28*x - 95. What is z(-4)?
4017
Let o(p) = -4*p**2 - 4499*p + 13467. Give o(3).
-66
Let u(q) = -574*q - 142355. Calculate u(-248).
-3
Let w(d) = -853*d - 5109. Give w(-6).
9
Let x(s) = s**3 + 157*s**2 - 154*s + 537. Determine x(-158).
-95
Let f(q) = -q**3 - 28*q**2 - 117*q - 134. Calculate f(-23).
-88
Let z(j) = 147*j**2 - 17943*j + 1108. What is z(122)?
10
Let o(m) = -13337*m - 5734915. Calculate o(-430).
-5
Let x(s) = -s**3 - 6*s**2 - 75*s - 1162. Determine x(-10).
-12
Let b(y) = -12*y**2 - 233965*y - 467935. Determine b(-2).
-53
Let k(l) = -l**2 + 146524*l + 439569. Determine k(-3).
-12
Let u(o) = 198910*o - 994561. Determine u(5).
-11
Let p(x) = -x**3 - 12*x**2 + 1317*x - 13918. Determine p(15).
-238
Let x(y) = y**2 + 71*y - 157. Calculate x(15).
1133
Let q(o) = o**3 + 104*o**2 + 252*o - 40. Give q(-101).
5111
Let a(c) = -1638*c + 46. What is a(0)?
46
Let f(u) = -2*u**3 - 535*u**2 - 485*u - 58229. Calculate f(-267).
-23
Let s(x) = -x**3 - 413*x**2 + 1234*x - 5802. Calculate s(-416).
22
Let y(a) = 2*a**2 + 1404*a + 223917. Give y(-457).
-13
Let y(f) = -4*f**2 + 8*f + 155247. Give y(-196).
15
Let d(a) = 5224*a**2 - 46992*a - 8. What is d(9)?
208
Let y(x) = 2008*x - 16891. Determine y(8).
-827
Let t(i) = 3*i**3 - 92*i**2 - 160*i + 3618. Determine t(31).
-381
Let l(x) = -x**3 + 22*x**2 - 15742*x + 109452. Give l(7).
-7
Let w(t) = 16*t**2 + 355*t - 2287. Give w(7).
982
Let f(d) = -367*d + 17340. Determine f(47).
91
Let a(p) = -446*p - 59207. Determine a(-131).
-781
Let k(x) = 19*x - 547. Determine k(118).
1695
Let d(u) = 23*u**2 - 1524*u + 13976. Determine d(11).
-5
Let m(u) = 308*u**2 + 914*u - 3622. Give m(4).
4962
Let d(f) = f**3 + 1924*f**2 - 56371*f + 519491. Determine d(-1953).
-7
Let g(r) = 20865*r - 1690065. Determine g(81).
0
Let l(j) = 219*j**2 + 21903*j + 294. Give l(-100).
-6
Let l(n) = -26437*n + 132276. Determine l(5).
91
Let x(c) = 6*c**2 + 220*c - 3861. Calculate x(13).
13
Let o(w) = -50*w**2 + 2491*w + 455. Calculate o(50).
5
Let z(g) = 694*g + 192221. Give z(-277).
-17
Let i(t) = -t**2 + 93*t - 480. Determine i(98).
-970
Let k(w) = 2*w**3 - w**2 + 17*w + 100. What is k(-6)?
-470
Let b(r) = 2*r**2 - 943*r + 104692. Calculate b(179).
-23
Let n(y) = -y**3 - 24*y**2 - 122*y - 71. Calculate n(-17).
-20
Let n(y) = -58*y**2 + 402*y - 297. Give n(6).
27
Let z(f) = -f**3 - 23*f**2 + 230*f + 42. Determine z(-30).
-558
Let v(h) = -h**3 + 15*h**2 + 24*h - 6. Determine v(0).
-6
Let t(j) = -62505*j**2 - 375028*j + 13. Determine t(-6).
1
Let t(b) = -b**3 + 151*b**2 + 1179*b + 14794. Give t(159).
7
Let u(f) = 32*f**3 + 2751*f**2 - 84*f + 230. Calculate u(-86).
58
Let o(s) = -42*s**2 + 22248*s + 28703. What is o(531)?
29
Let q(k) = -k**3 + 16*k**2 + 50*k - 1021. Determine q(14).
71
Let n(m) = -534350*m - 3206094. Give n(-6).
6
Let t(d) = 4*d**3 - 356*d**2 - 15*d + 894. What is t(89)?
-441
Let r(v) = v**3 + 32*v**2 - 65*v + 472. What is r(-33)?
1528
Let b(d) = -21*d**2 + 507*d + 2621. Give b(-5).
-439
Let z(s) = 2*s**3 - 382*s**2 - 298*s - 16509. What is z(192)?
3
Let i(j) = j**3 - 66*j**2 - 560*j + 36904. Give i(66).
-56
Let j(b) = -479*b - 14156. Calculate j(-29).
-265
Let v(y) = -16*y + 1559. What is v(110)?
-201
Let u(c) = -2*c**2 + 2477*c + 19946. Give u(-8).
2
Let n(t) = -5*t**2 - 2833*t + 187975. Determine n(60).
-5
Let g(i) = -i**3 - 173*i**2 + 574*i + 8153. Calculate g(-176).
57
Let z(a) = -a**2 - 59244*a - 118488. Calculate z(-2).
-4
Let d(k) = -5*k**2 + 1530*k + 203. Calculate d(306).
203
Let u(c) = -1132*c**2 - 4555*c - 22. What is u(-4)?
86
Let c(d) = -d**3 + 497*d**2 + 3021*d - 1510. What is c(503)?
-1
Let c(o) = -2*o**2 + 51*o - 161. Calculate c(10).
149
Let w(i) = -589*i - 33101. Determine w(-56).
-117
Let r(w) = -238*w - 79527. What is r(-334)?
-35
Let f(x) = -x**3 + 9*x**2 - 33*x + 232. Calculate f(10).
-198
Let b(v) = -1701*v + 841714. Determine b(495).
-281
Let d(b) = 233811*b + 4676216. Calculate d(-20).
-4
Let s(q) = q**3 - 155*q**2 + 6*q + 438. Determine s(155).
1368
Let w(k) = -k**2 - 1587*k + 68562. What is w(42)?
144
Let t(r) = 2*r**3 + 180*r**2 + 771*r + 171. What is t(-4)?
-161
Let z(o) = -11*o**3 - 3*o**2 - 39*o - 35. Determine z(-1).
12
Let u(q) = q**3 - 40*q**2 + 108*q - 80. Determine u(3).
-89
Let j(u) = u**2 - 11093*u + 1544230. Determine j(141).
-2
Let v(j) = 33*j + 3723. Determine v(-110).
93
Let w(g) = -2*g**3 + 46*g**2 + 7048*g + 596. Calculate w(72).
20
Let m(o) = -6*o**2 - 644*o + 1912. Determine m(-110).
152
Let a(z) = -503*z + 6576. Give a(19).
-2981
Let y(p) = 5393*p**2 - 204937*p + 121. Determine y(38).
7
Let g(t) = 77*t - 1563. Give g(25).
362
Let r(n) = 344*n - 42746. What is r(126)?
598
Let n(o) = o**2 + 138*o + 6096. Give n(-65).
1351
Let i(h) = 13*h**2 + 2205*h - 20900. Determine i(9).
-2
Let i(r) = 9*r**3 + 497*r**2 + 210*r + 5491. Give i(-55).
-9
Let j(w) = 8*w**2 + 3352*w + 145055. What is j(-49)?
15
Let l(w) = 90216*w - 8841156. What is l(98)?
12
Let t(m) = 15641*m - 79430. What is t(5)?
-1225
Let q(b) = 62*b**2 - 6322*b - 453. What is q(102)?
-249
Let u(c) = -809*c - 9322. Give u(-12).
386
Let k(l) = -3633*l - 1358748. Determine k(-374).
-6
Let g(h) = -3*h**3 + 53*h**2 - 1108*h + 1056. Calculate g(1).
-2
Let t(r) = -75685*r + 5070882. What is t(67)?
-13
Let x(k) = k**3 + 2247*k**2 - 84512*k + 96. Determine x(37).
-52
Let t(z) = 13*z**3 - 67*z**2 - 140*z - 212. Give t(7).
-16
Let y(d) = -1247*d - 38772. Give y(-31).
-115
Let z(v) = -1518*v - 15423. Give z(-10).
-243
Let t(v) = 258*v - 11861. Calculate t(47).
265
Let n(k) = k**3 - 90*k**2 - 1069*k - 2299. Determine n(-8).
-19
Let y(d) = -8*d**2 - 476*d + 1495. What is y(3)?
-5
Let u(n) = -84*n**2 - 146*n + 1061. Calculate u(3).
-133
Let u(t) = -11*t**2 + 85*t + 160. Give u(9).
34
Let d(n) = -30187*n + 634110. What is d(21)?
183
Let m(g) = 995336*g - 1990731. What is m(2)?
-59
Let o(f) = 5*f**2 + 654*f - 39739. Determine o(-176).
37
Let n(j) = 74*j + 637. Determine n(-9).
-29
Let p(a) = 2*a**3 - 34*a**2 + 149*a - 1872. Determine p(16).
0
Let j(h) = -1042*h - 99997. Calculate j(-96).
35
Let h(g) = -784*g**3 - g**2 + 3859*g + 3860. Calculate h(-1).
784
Let d(z) = -z**3 + 13*z**2 - 586*z + 4979. Calculate d(9).
29
Let o(r) = r**3 - 44*r**2 + 395*r - 400. Determine o(32).
-48
Let q(s) = -s**2 - 38783*s + 3888304. Give q(100).
4
Let d(z) = -z**3 + 736*z**2 + 6696*z + 45. What is d(-9)?
126
Let k(y) = 152*y**2 + 979*y - 1963. Calculate k(2).
603
Let l(p) = -p**3 + 122*p**2 + 1606*p - 24. What is l(-12)?
0
Let w(v) = 1896*v**2 + 28*v - 244. Give w(0).
-244
Let z(x) = -5*x**2 + 673*x - 1111. What is z(132)?
605
Let d(q) = -1512*q**2 - 9043*q - 14. Calculate d(-6).
-188
Let a(g) = g**3 + 69*g**2 + 886*g - 4588. Determine a(-49).
18
Let u(j) = -63844*j - 4532918. Calculate u(-71).
6
Let s(o) = -247*o + 39284. Determine s(159).
11
Let x(u) = -u**3 + 190*u**2 - 808*u + 11902. What is x(186)?
-2
Let x(f) = -f**3 - f**2 - 8*f + 64. Calculate x(4).
-48
Let o(t) = 22*t**2 + 2718